alculate the greatest common divisor of 133 and f.
19
Suppose 27 = -3*y + 6*y. Let s(a) = -2*a**3 + 81*a**2 + 40*a + 43. Let w be s(41). Suppose 0 = w*x - 5*x + 45. What is the greatest common divisor of y and x?
3
Suppose -b = 3*m - 19, 3*b - 4*m = 6*b - 37. Let y(d) = -2*d**2 + 34*d + 14. Let n be y(11). Let p = -118 + n. Calculate the greatest common factor of p and b.
7
Let r(u) = 63*u + 348. Let p be r(17). What is the greatest common factor of p and 86?
43
Suppose -4*a + 3*o = -23754, 5*o - 732 = -a + 5172. What is the highest common divisor of a and 645?
129
Suppose 5*z - 1046 + 91 = 0. Suppose -12*t + z + 25 = 0. Calculate the highest common divisor of 144 and t.
18
Let v(k) be the third derivative of -k**4/8 - 4*k**3/3 - 55*k**2 + k. Let f be v(-19). Calculate the highest common divisor of f and 539.
49
Suppose -16 = 3*o + 5*z + 7, 0 = -4*o + z. Let g(q) = 13*q**2 - q. Let x be g(o). Let h = -106 + 148. What is the greatest common divisor of h and x?
14
Suppose 0 = y + 5*b + 27 - 389, 0 = 3*y - 4*b - 934. What is the highest common divisor of y and 1886?
46
Let r(m) = 57*m - 23. Let d be r(6). Let o = d + -303. Calculate the highest common factor of 2 and o.
2
Let x = -1399 + 1513. Calculate the highest common factor of 144 and x.
6
Let j be (7684/8)/((-1)/10*-5). Calculate the greatest common divisor of j and 339.
113
Suppose -62*m - 95 = -8341. Let y(v) = v**3 - 10*v**2 + 10*v + 10. Let b be y(9). Calculate the highest common factor of b and m.
19
Let p = -2336 + 2417. Calculate the highest common factor of 6156 and p.
81
Let f(x) = x**3 - 47*x**2 - 110*x + 636. Let l be f(49). Calculate the greatest common factor of 2292 and l.
12
Let d = -243 + 265. Suppose -4*s - 5*s = -2376. Suppose 3*b - s = 198. Calculate the greatest common factor of b and d.
22
Let f be 6*(7 - (-7)/(-2)*-2). Suppose 10*j - 48 = 6*j. Calculate the greatest common factor of f and j.
12
Let u(v) = 4*v**2 - 11*v - 229. Let w be u(18). What is the highest common factor of w and 99?
11
Let l = 112 + -63. Let v be ((-210)/l)/(1/(-7)). Let a = 395 - 275. Calculate the highest common factor of a and v.
30
Suppose -3*p + 1 + 6 = 2*y, -y + 4*p - 13 = 0. Let j = -916 - -880. Let l be 96/j*y*3. Calculate the greatest common divisor of l and 64.
8
Suppose 2*o = 2*t + 508, -1270 = -7*o + 2*o - 4*t. Let n = o - 98. Calculate the highest common factor of 24 and n.
12
Let k = 43 - 38. Let z(w) = w**3 + 2*w**2 - 6*w. Let r be z(-5). Let i be (-10)/r + (-43)/(-9). What is the greatest common divisor of i and k?
5
Suppose 156*u - 154*u + 4*v = 7168, -3*u + 4*v + 10752 = 0. Calculate the highest common divisor of u and 112.
112
Let t(h) = 151*h + 2286. Let c be t(-15). What is the greatest common divisor of 33495 and c?
21
Let x = 82723 - 51082. What is the highest common factor of x and 159?
159
Let g(u) = 3*u - 1. Let r(p) = 6*p - 1. Suppose 0*h = 3*h + 12. Let c(l) = h*r(l) + 9*g(l). Let t be c(10). What is the highest common divisor of 75 and t?
25
Suppose 3*c - 5 = 2*c + z, 15 = 3*c - 4*z. Suppose -145 = -c*f - 15. Let b = 50 + -24. Calculate the highest common factor of f and b.
26
Let j = -32 + 36. Let r be j/6 - 24/36. Let o be 189*((-5)/(60/(-8)) + r). Calculate the highest common divisor of o and 18.
18
Suppose -3*i - n = -5*i + 85, -4*n + 219 = 5*i. Let z(q) = -q**3 + 43*q**2 + 3*q - 76. Let b be z(i). What is the greatest common factor of b and 1431?
53
Suppose 3*p - 10 = -r, 10 = 3*r + 9*p - 5*p. Let w = 80 + r. Calculate the greatest common factor of 6 and w.
6
Let s be (-1968)/(-20) - ((-72)/10)/(-18). Let y(t) = -13*t - 39. Let w be y(-17). Calculate the highest common factor of s and w.
14
Let o = -2071 - -4411. Calculate the highest common factor of o and 12.
12
Let l = 315 + -195. Let f be 4/(-6)*-10*57. Suppose -5*t + f = -l. What is the greatest common divisor of t and 20?
20
Suppose -63*x + 99179 = -706780. What is the greatest common divisor of 11 and x?
11
Let x(q) = -76*q**2 - 5 + 17 + 48*q + 74*q**2. Let c be x(22). What is the highest common factor of 40 and c?
20
Let k = -15 - -20. Suppose k*i - 2*i - 15 = 0. Suppose 9*o = 6*o, 0 = 2*l + o - 40. Calculate the greatest common factor of i and l.
5
Let q(s) = 185*s**2 + 243*s - 2. Let c be q(-2). Calculate the highest common factor of 54684 and c.
252
Let h(p) = -p**3 - 5*p**2 - 2*p. Let y be h(-3). Let m be y/(-1 + 5) - -155. Let o = -944 + 963. What is the greatest common factor of m and o?
19
Let h(r) = -12*r + 1426. Let k be h(84). Calculate the highest common factor of 220 and k.
22
Suppose -5*d + 3*b = -121, -d - 24*b + 33 = -29*b. What is the highest common divisor of d and 4163?
23
Let g be 2/(-4)*(98 - 94) - -5. Calculate the greatest common factor of g and 4749.
3
Let y = -2482 + 3093. Let s be (2/10)/(6/(-195))*-2. Calculate the greatest common divisor of y and s.
13
Suppose 449 = 2*s + 99. Let d = -3087 - -3192. Calculate the highest common divisor of s and d.
35
Suppose 2*j + i = 50, 3*j + 0*i = i + 65. Suppose 3*b = 3*w + 75, -3*w + w = 3*b - 65. What is the greatest common divisor of j and b?
23
Let u(m) = 3*m**2 - 33*m - 14. Let k(a) = a**3 - 14*a**2 + 15*a - 14. Let b be k(13). Let l be u(b). What is the greatest common factor of 418 and l?
22
Let g = 2216 - 1514. Calculate the highest common divisor of g and 325.
13
Let k be 0 + (4 - -2) + 1*264 + -4. What is the greatest common divisor of 95 and k?
19
Suppose -1531 - 3005 + 31 = -53*l. Calculate the highest common factor of l and 185.
5
Suppose -205*q + 14 = -97*q - 101*q. Suppose -d - 2 = -4. Suppose 0*y = 3*g - 5*y - 39, 5*g - d*y - 46 = 0. Calculate the highest common divisor of g and q.
2
Suppose 4*f + 778 = 1594. Calculate the highest common factor of f and 876.
12
Let f be 419*4/(-3 + 5) - 3. Let s = -817 + f. Calculate the greatest common divisor of 954 and s.
18
Let z(u) = 8*u**3 - 5*u**2 + u + 1. Suppose 2*n = -5*t + 15, 5*t = 4*n - 11 + 26. Let b be z(t). Calculate the greatest common factor of b and 25.
25
Suppose 1435 = 5*k + 1380. Let x be 2/(-4) - (-2776)/16. Suppose -121 = -3*b - 5*f + 16, 3*f + x = 4*b. Calculate the greatest common divisor of b and k.
11
Let o be (39 - -4) + -1 + 1. Let s(l) = l**3 - 4*l**2 - l - 19. Let m be s(5). What is the greatest common divisor of m and o?
1
Let i be 62/8 + 10/40. Suppose -4*t - 3*n = i, -5 - 15 = 5*n. Let f be (6/(-15))/(t/(-125)). What is the greatest common divisor of f and 20?
10
Suppose g + 271 = 856. Calculate the greatest common divisor of g and 26.
13
Let n be (9 + -187)/(2 + 36/(-15)). Calculate the greatest common factor of n and 356.
89
Let i = 297 - 291. Let r be 712/i - 4/(-3). What is the highest common factor of 50 and r?
10
Let u = 10445 + -10159. What is the highest common divisor of u and 1378?
26
Let d(r) = -r**3 + 6*r**2 - 360*r + 3071. Let v be d(8). Suppose 3*n + q = 313, -n + 216 = n - 3*q. Calculate the highest common factor of v and n.
21
Suppose -3682*i = -3776*i + 1316. Calculate the greatest common factor of i and 378.
14
Suppose 0 = 16*k - 15*k - 4. Let g be ((-6)/k)/((-130)/(-20) + -7). Let x be -4 + 4 - -3 - 1. What is the greatest common divisor of x and g?
1
Suppose 3*i - 2358 = -330. Suppose 4*t = -9*t + i. Calculate the greatest common divisor of 65 and t.
13
Let f(m) = m**3 - 35*m**2 + 65*m - 302. Let y be f(34). What is the highest common factor of 256 and y?
16
Let b = 87553 - 52623. What is the greatest common factor of b and 70?
70
Let i = -2000 + 2056. Let q = -74 - -214. What is the highest common factor of q and i?
28
Let r(w) = -7*w + 84. Let u be 5 + 2*9/6. Let t be r(u). What is the greatest common factor of 56 and t?
28
Let r(k) = -15*k**3 - 229*k**2 - 61*k + 19. Let i be r(-15). Let o(x) = 170*x. Let p be o(5). What is the highest common factor of i and p?
34
Suppose -278 = 5*l - 308. Let g(w) = -18*w + 110. Let o be g(l). What is the greatest common divisor of o and 46?
2
Suppose -2*u - c + 18461 = -24954, 4*u - c = 86839. Calculate the highest common divisor of 17 and u.
17
Let s = 143 + 17. Let w = -148 + s. What is the greatest common divisor of 120 and w?
12
Let d be 8/6 - 35344/(-141). Calculate the greatest common divisor of d and 1134.
126
Let o be (-21)/63 + (-5)/3. Let r be (o/((-20)/(-198)))/(145/(-725)). Calculate th